 6*v**2 - 7*v - 4. Determine l(5).
-64
Let m(g) = 2*g**3 - 13*g**2 - 277*g + 398. Give m(15).
68
Let h(m) = 4*m**2 + 16*m - 114. Calculate h(5).
66
Let z(x) = 9*x**2 - 900*x - 964. Determine z(101).
-55
Let m(r) = 1611*r + 93424. Give m(-58).
-14
Let b(d) = 7*d**2 - 439*d - 10133. What is b(-18)?
37
Let z(b) = 499*b + 9301. Determine z(-19).
-180
Let u(z) = 1069*z - 132021. Determine u(123).
-534
Let j(f) = f**3 - 22*f**2 - 1276*f - 11090. Determine j(-14).
-282
Let t(g) = -2987*g - 827407. Give t(-277).
-8
Let q(y) = 51*y + 584. What is q(14)?
1298
Let o(k) = -172*k + 6953. Determine o(39).
245
Let u(j) = -35*j**2 + 453*j + 28. Give u(13).
2
Let u(y) = -3*y**3 - 91*y**2 - 315*y - 133. Give u(-3).
74
Let m(k) = -k**2 - 273*k - 11991. Calculate m(-55).
-1
Let k(a) = -2*a**2 + 1940*a - 15670. Determine k(8).
-278
Let m(z) = 14290*z + 42880. Give m(-3).
10
Let k(y) = 629*y**3 - 9*y**2 + y + 10. Calculate k(1).
631
Let r(n) = n**2 + 480*n - 179607. What is r(247)?
-38
Let p(r) = -12*r**2 + 5283*r - 6738. Determine p(439).
-153
Let q(s) = 469*s + 7547. What is q(-16)?
43
Let m(b) = b**3 - 18307*b**2 - 73227*b + 36. Give m(-4).
-32
Let z(x) = -695*x - 9538. What is z(-13)?
-503
Let w(h) = -4*h**2 + 4885*h - 34189. What is w(7)?
-190
Let v(d) = 4*d**3 + 562*d**2 + 1022*d + 26131. What is v(-139)?
-1
Let x(f) = 89946*f + 1439115. Give x(-16).
-21
Let c(q) = -2*q**3 + 31*q**2 + 30*q - 296. Give c(5).
379
Let p(g) = 3*g**2 - 306*g + 7675. Give p(55).
-80
Let x(j) = 12321*j - 1503082. Give x(122).
80
Let x(f) = 12*f - 51. Calculate x(60).
669
Let v(q) = -q**2 + 546*q - 3734. Calculate v(7).
39
Let n(r) = r**3 + 76*r**2 - 190*r - 2716. What is n(-5)?
9
Let h(x) = 75819*x + 151663. Calculate h(-2).
25
Let o(q) = q**3 - 18*q**2 + 12195*q - 283192. Determine o(23).
-62
Let u(l) = 3*l**3 + 35*l**2 - 35*l - 318. Determine u(-12).
-42
Let v(o) = -o**3 - 155*o**2 - 1111*o + 495. Give v(-8).
-25
Let o(y) = y**2 + 343451*y + 2747514. Give o(-8).
-30
Let y(d) = -291*d - 20267. Calculate y(-73).
976
Let c(s) = -s**3 + 15*s**2 + 243*s - 3587. What is c(14)?
11
Let w(a) = a**3 + 177*a**2 + 501*a - 4488. Calculate w(-174).
-834
Let u(o) = -285*o - 87745. Give u(-306).
-535
Let q(m) = m**2 - 235*m + 5625. What is q(27)?
9
Let f(h) = 148*h**2 + 303*h + 29. What is f(-2)?
15
Let q(d) = -1048*d + 1748. What is q(2)?
-348
Let y(x) = -26575*x - 53144. Determine y(-2).
6
Let p(u) = 2976*u + 19083. Calculate p(-6).
1227
Let z(i) = -4*i**2 + 25*i + 11. What is z(4)?
47
Let l(h) = -435*h**2 + 279*h + 556. Calculate l(-2).
-1742
Let w(g) = g**3 + 30*g**2 + 38*g + 200. What is w(-20)?
3440
Let o(g) = 18*g**2 - 451*g + 2278. Determine o(18).
-8
Let g(s) = -16*s**2 - 133*s - 250. Give g(-5).
15
Let i(u) = 28305*u - 31814829. What is i(1124)?
-9
Let y(w) = -858*w - 96. What is y(0)?
-96
Let r(k) = -8*k**3 + 37*k**2 + 64*k - 203. What is r(5)?
42
Let h(x) = 6*x**3 - 3490*x**2 + 9314*x - 28950. Calculate h(579).
0
Let n(q) = 200*q**2 - 1844*q + 5535. Determine n(3).
1803
Let x(l) = 2*l**2 - 387*l + 8196. What is x(24)?
60
Let z(i) = -3*i**3 + 962*i**2 + 36571*i - 2134. What is z(355)?
-4
Let v(d) = -67392*d + 67394. What is v(1)?
2
Let p(x) = 1157*x**2 - 4654*x - 10. What is p(4)?
-114
Let p(k) = 2858*k - 45985. What is p(16)?
-257
Let p(u) = -4*u**2 + 16*u + 3030. Give p(33).
-798
Let h(s) = -1043*s + 74076. Determine h(71).
23
Let d(x) = -29333*x - 293670. Give d(-10).
-340
Let j(l) = 112188*l + 5048433. Give j(-45).
-27
Let h(m) = -m**3 - 69*m**2 + 1593*m - 488. What is h(18)?
-2
Let a(x) = 7798*x - 460066. What is a(59)?
16
Let p(l) = l**3 + 41*l**2 + 563*l + 2959. Give p(-21).
-44
Let q(d) = -18*d**3 - 73*d**2 + 74*d + 7. Calculate q(1).
-10
Let m(w) = -143069*w + 858431. Determine m(6).
17
Let y(p) = -p**3 - 4*p**2 + 226*p + 66. Determine y(-17).
-19
Let k(t) = 926*t - 17463. Calculate k(17).
-1721
Let d(s) = -1450*s**2 - 5795*s + 11. Determine d(-4).
-9
Let a(x) = -4474*x - 98365. Calculate a(-22).
63
Let v(c) = 325*c - 17293. What is v(52)?
-393
Let r(c) = c**3 - 29*c**2 + 340*c - 17311. Give r(34).
29
Let m(u) = 3317*u - 670054. Calculate m(202).
-20
Let l(z) = 332205*z + 996529. Give l(-3).
-86
Let f(n) = 1084*n + 82. Calculate f(0).
82
Let i(h) = 123*h + 14960. What is i(-120)?
200
Let v(z) = 277*z**2 + 56*z - 116. Calculate v(2).
1104
Let c(p) = 5*p**2 + 174*p + 3029. Calculate c(-11).
1720
Let i(a) = -a**2 + 536*a + 83359. What is i(-126)?
-53
Let v(y) = 72*y**2 + 1207*y - 66. Determine v(-15).
-1971
Let c(f) = f**3 + 1805*f**2 + 33974*f + 71435. What is c(-1786)?
-5
Let y(w) = -w**2 + 88*w + 76. Calculate y(86).
248
Let h(c) = 36*c**2 + c + 453. Give h(0).
453
Let a(s) = 373073*s + 2611523. Give a(-7).
12
Let v(m) = -2*m**3 + 624*m**2 - 12*m + 2916. Determine v(312).
-828
Let w(r) = 29943*r + 209570. What is w(-7)?
-31
Let h(a) = -29*a**2 + 1885*a - 29. What is h(65)?
-29
Let h(u) = -4338*u - 129902. Give h(-30).
238
Let s(u) = -4*u**3 - 54*u**2 - 108*u - 312. Determine s(-12).
120
Let p(g) = -69221*g + 276849. Determine p(4).
-35
Let s(c) = 11*c**2 + 2240*c - 22271. Calculate s(10).
1229
Let k(j) = j**2 + 8023*j - 4633017. Give k(541).
107
Let p(o) = 27198*o - 135990. Give p(5).
0
Let t(f) = -2629*f + 2626. Give t(1).
-3
Let w(l) = -2*l**3 - 44*l**2 - 124*l - 1225. Determine w(-18).
-1585
Let z(d) = 2*d**3 - 224*d**2 - 525*d + 7766. Determine z(114).
-100
Let j(c) = 2*c**2 + 3914*c - 225452. Give j(56).
4
Let t(n) = -209*n + 52167. Calculate t(250).
-83
Let a(p) = 10*p**3 + 177*p**2 - 48*p + 222. Determine a(-18).
114
Let o(z) = -z**3 - 145*z**2 + 3686*z - 350. What is o(22)?
-86
Let b(i) = 7577*i - 21949. Determine b(3).
782
Let o(h) = -h**3 + 59*h**2 + 3388*h - 199966. Determine o(60).
-286
Let f(c) = -15*c**2 - 250*c + 11071. Give f(20).
71
Let i(s) = -s**3 - 959*s**2 - 188080*s + 13680. Give i(-684).
0
Let u(a) = a**2 - 115*a + 2751. Give u(35).
-49
Let m(j) = 2006*j - 154377. Give m(77).
85
Let x(z) = -178*z**2 + 314*z + 88. Give x(2).
4
Let b(r) = -42*r**3 - 36*r**2 + 6261*r + 6259. Give b(-1).
4
Let l(x) = x**2 - 12066*x + 180790. Calculate l(15).
25
Let x(y) = 5*y**2 + 1543*y + 39222. Determine x(-28).
-62
Let m(h) = -2*h**2 + 6942*h + 62614. Give m(-9).
-26
Let f(p) = 790*p - 157995. What is f(200)?
5
Let z(t) = t**3 + 247*t**2 + 2695*t + 1065. What is z(-11)?
-24
Let l(x) = 2*x**3 - 74*x**2 + 262*x + 61. Give l(33).
-5
Let m(a) = -15*a**3 + 119*a**2 + 329*a + 199. Give m(-2).
137
Let t(b) = 136730*b + 2871335. Calculate t(-21).
5
Let j(i) = 4394*i + 66829. Give j(-15).
919
Let c(d) = -2*d**2 + 749*d - 54885. Calculate c(100).
15
Let x(o) = -41*o**2 + 671*o - 660. Give x(1).
-30
Let b(n) = n**3 - 11*n**2 - 488*n + 5582. Calculate b(13).
-424
Let b(c) = 9*c**2 + 284*c - 18706. Determine b(-64).
-18
Let z(k) = -k**2 + 376*k - 407. Calculate z(0).
-407
Let q(y) = -y**3 + 22*y**2 - 23*y + 52. Give q(21).
10
Let r(w) = -2*w**3 + 34*w**2 - 159*w + 114. Calculate r(5).
-81
Let t(g) = -g**2 + 2387*g + 36071. Determine t(-15).
41
Let c(h) = 2576*h + 1125700. What is c(-437)?
-12
Let u(c) = 11*c**2 - 2475*c - 12424. Determine u(-5).
226
Let t(z) = z**3 - 17*z**2 - 19765*z + 316493. Calculate t(16).
-3
Let z(b) = -b**2 - 119*b - 1247. Give z(-60).
2293
Let k(j) = j**3 - 268*j**2 + 808*j - 823. What is k(265)?
2622
Let f(c) = -339*c**3 - 9*c**2 + 7*c + 17. What is f(-1)?
340
Let b(i) = -170*i - 268264. Determine b(-1578).
-4
Let j(s) = 8783*s + 53591. Give j(-6).
893
Let z(i) = -3*i**3 + 1210*i**2 + 239904*i + 4948. Determine z(549).
7
Let h(o) = o**3 + 221*o**2 + 2729*o + 5208. Give h(-208).
8
Let c(s) = 12*s**2 - 14668*s - 15. Determine c(0).
-15
Let c(m) = -m**3 - 18*m**2 - 23427*m - 445472. Give c(-19).
2
Let j(b) = 9*b**2 - 731*b - 4515. Calculate j(87).
9
Let z(g) = -22*g**2 + 143*g - 177. Determine z(6).
-111
Let r(a) = -57225*a + 228907. Give r(4).
7
Let m(b) = -263*b + 65. Determine m(2).
-461
Let h(d) = -d**3 + 42*d**2 - 176*d - 168. Calculate h(37).
165
Let m(x) = 249*x - 7768. Calculate m(31).
-49
Let c(l) = -l**3 - 2*l**2 + 1657*l + 14349. Give c(-9).
3
Let p(k) = -16*k**3 - 2*k**2 - 24*k - 52. Calculate p(-3).
434
Let n(w) = 8*w**3 - 30*w**2 + 9*w + 10. What is n(2)?
-28
Let l(s) = -s**3 - 732*s**2 - 1454*s + 4387. Calculate l(-730).
7
Let y(q) = -q**2 + 